ors of 3676?
2, 919
What are the prime factors of 2015?
5, 13, 31
List the prime factors of 5963.
67, 89
What are the prime factors of 39592?
2, 7, 101
What are the prime factors of 42664?
2, 5333
What are the prime factors of 1037?
17, 61
List the prime factors of 16974.
2, 3, 23, 41
List the prime factors of 16297.
43, 379
What are the prime factors of 18382?
2, 7, 13, 101
List the prime factors of 17162.
2, 8581
What are the prime factors of 14388?
2, 3, 11, 109
List the prime factors of 631.
631
List the prime factors of 1951.
1951
What are the prime factors of 118908?
2, 3, 367
List the prime factors of 552.
2, 3, 23
What are the prime factors of 20168?
2, 2521
What are the prime factors of 4672?
2, 73
List the prime factors of 754.
2, 13, 29
What are the prime factors of 571?
571
List the prime factors of 4661.
59, 79
List the prime factors of 2259.
3, 251
List the prime factors of 1092.
2, 3, 7, 13
What are the prime factors of 1670?
2, 5, 167
List the prime factors of 2574.
2, 3, 11, 13
What are the prime factors of 351?
3, 13
List the prime factors of 126.
2, 3, 7
What are the prime factors of 14999?
53, 283
List the prime factors of 138019.
7, 19717
What are the prime factors of 124588?
2, 31147
What are the prime factors of 18724?
2, 31, 151
What are the prime factors of 1108?
2, 277
What are the prime factors of 14258?
2, 7129
List the prime factors of 4137.
3, 7, 197
List the prime factors of 363.
3, 11
List the prime factors of 1297.
1297
List the prime factors of 54354.
2, 3, 9059
List the prime factors of 5378.
2, 2689
What are the prime factors of 46571?
7, 6653
List the prime factors of 27562.
2, 13781
What are the prime factors of 90?
2, 3, 5
List the prime factors of 160.
2, 5
What are the prime factors of 262?
2, 131
List the prime factors of 31731.
3, 7, 1511
What are the prime factors of 580?
2, 5, 29
List the prime factors of 346.
2, 173
List the prime factors of 1095.
3, 5, 73
What are the prime factors of 11940?
2, 3, 5, 199
List the prime factors of 306.
2, 3, 17
What are the prime factors of 10974?
2, 3, 31, 59
List the prime factors of 32505.
3, 5, 11, 197
List the prime factors of 4345.
5, 11, 79
List the prime factors of 1314.
2, 3, 73
What are the prime factors of 2946?
2, 3, 491
What are the prime factors of 8283?
3, 11, 251
What are the prime factors of 44106?
2, 3, 7351
List the prime factors of 2316.
2, 3, 193
List the prime factors of 25995.
3, 5, 1733
What are the prime factors of 10319?
17, 607
List the prime factors of 6411.
3, 2137
List the prime factors of 9905.
5, 7, 283
What are the prime factors of 131113?
131113
What are the prime factors of 210?
2, 3, 5, 7
What are the prime factors of 2050?
2, 5, 41
What are the prime factors of 162763?
37, 53, 83
What are the prime factors of 51133?
51133
List the prime factors of 1466.
2, 733
What are the prime factors of 3825?
3, 5, 17
List the prime factors of 172.
2, 43
List the prime factors of 13431.
3, 11, 37
List the prime factors of 6055.
5, 7, 173
What are the prime factors of 12851?
71, 181
List the prime factors of 7852.
2, 13, 151
List the prime factors of 107.
107
What are the prime factors of 97820?
2, 5, 67, 73
What are the prime factors of 9831?
3, 29, 113
List the prime factors of 76407.
3, 25469
What are the prime factors of 12537?
3, 7, 199
List the prime factors of 4214.
2, 7, 43
List the prime factors of 115167.
3, 13, 2953
What are the prime factors of 224?
2, 7
What are the prime factors of 101792?
2, 3181
What are the prime factors of 823?
823
List the prime factors of 10790.
2, 5, 13, 83
What are the prime factors of 11221?
7, 229
List the prime factors of 5514.
2, 3, 919
What are the prime factors of 1422?
2, 3, 79
What are the prime factors of 1048?
2, 131
List the prime factors of 7187.
7187
List the prime factors of 565.
5, 113
What are the prime factors of 23001?
3, 11, 17, 41
List the prime factors of 20710.
2, 5, 19, 109
What are the prime factors of 149941?
11, 43, 317
What are the prime factors of 16878?
2, 3, 29, 97
What are the prime factors of 34006?
2, 7, 347
What are the prime factors of 17579?
17579
List the prime factors of 32205.
3, 5, 19, 113
What are the prime factors of 113495?
5, 22699
What are the prime factors of 1388?
2, 347
List the prime factors of 414.
2, 3, 23
List the prime factors of 37480.
2, 5, 937
List the prime factors of 2401.
7
List the prime factors of 48733.
48733
What are the prime factors of 81943?
81943
List the prime factors of 279.
3, 31
What are the prime factors of 10843?
7, 1549
What are the prime factors of 513?
3, 19
What are the prime factors of 13434?
2, 3, 2239
List the prime factors of 4461.
3, 1487
List the prime factors of 145.
5, 29
List the prime factors of 3945.
3, 5, 263
List the prime factors of 21057.
3, 7019
What are the prime factors of 8211?
3, 7, 17, 23
What are the prime factors of 308?
2, 7, 11
What are the prime factors of 30259?
30259
List the prime factors of 134386.
2, 7, 29, 331
List the prime factors of 1506.
2, 3, 251
List the prime factors of 253.
11, 23
List the prime factors of 62011.
62011
List the prime factors of 6957.
3, 773
List the prime factors of 742.
2, 7, 53
What are the prime factors of 75253?
75253
List the prime factors of 4876.
2, 23, 53
List the prime factors of 34704.
2, 3, 241
List the prime factors of 15831.
3, 1759
List the prime factors of 94253.
94253
List the prime factors of 366.
2, 3, 61
List the prime factors of 2758.
2, 7, 197
What are the prime factors of 17762?
2, 83, 107
List the prime factors of 807.
3, 269
What are the prime factors of 876?
2, 3, 73
List the prime factors of 6836.
2, 1709
List the prime factors of 1212.
2, 3, 101
List the prime factors of 11288.
2, 17, 83
List the prime factors of 22276.
2, 5569
List the prime factors of 1031.
1031
List the prime factors of 1080.
2, 3, 5
What are the prime factors of 2244?
2, 3, 11, 17
What are the prime factors of 1949?
1949
What are the prime factors of 157832?
2, 109, 181
List the prime factors of 2359.
7, 337
What are the prime factors of 33774?
2, 3, 13, 433
List the prime factors of 7663.
79, 97
List the prime factors of 41609.
41609
List the prime factors of 1784.
2, 223
What are the prime factors of 610?
2, 5, 61
What are the prime factors of 22210?
2, 5, 2221
What are the prime factors of 14411?
14411
List the prime factors of 39371.
39371
What are the prime factors of 1241?
17, 73
What are the prime factors of 7601?
11, 691
What are the prime factors of 26818?
2, 11, 23, 53
What are the prime factors of 2025?
3, 5
List the prime factors of 129413.
127, 1019
List the prime factors of 10282.
2, 53, 97
List the prime factors of 17537.
13, 19, 71
What are the prime factors of 1005?
3, 5, 67
List the prime factors of 67845.
3, 5, 4523
What are the prime factors of 7131?
3, 2377
What are the prime factors of 646?
2, 17, 19
List the prime factors of 732.
2, 3, 61
List the prime factors of 1399.
1399
List the prime factors of 12791.
12791
List the prime factors of 17209.
17209
What are the prime factors of 106?
2, 53
What are the prime factors of 9538?
2, 19, 251
What are the prime factors of 33322?
2, 16661
What are the prime factors of 24305?
5, 4861
List the prime factors of 1211.
7, 173
List the prime factors of 4972.
2, 11, 113
List the prime factors of 29200.
2, 5, 73
List the prime factors of 80.
2, 5
What are the prime factors of 1717?
17, 101
What are the prime factors of 1689?
3, 563
List the prime factors of 148.
2, 37
List the prime factors of 917.
7, 131
What are the prime factors of 9333?
3, 17, 61
List the prime factors of 49924.
2, 7, 1783
What are the prime factors of 10977?
3, 3659
List the prime factors of 2922.
2, 3, 487
List the prime factors of 159996.
2, 3, 67, 199
List the prime factors of 4166.
2, 2083
What are the prime factors of 56677?
19, 157
What are the prime factors of 1098?
2, 3, 61
What are the prime factors of 4622?
2, 2311
What are the prime factors of 5436?
2, 3, 151
What are the prime factors of 4763?
11, 433
List the prime factors of 8151.
3, 11, 13, 19
What are the prime factors of 22705?
5, 19, 239
List the prime factors of 5080.
2, 5, 127
What are the prime factors of 2310?
2, 3, 5, 7, 11
List the prime factors of 855.
3, 5, 19
List 